4))/(3/i). Calculate the remainder when 48 is divided by 1*-1 + (10 - 5 - y).
8
Suppose -z = -30 + 27. Suppose f - 21 = y, -5*f + y - z*y + 91 = 0. Suppose -5*w + 16 = -9. What is the remainder when f is divided by w?
4
Let c be (130*4)/(33 + -31). Calculate the remainder when 17 is divided by 4/6 + c/15 + -7.
6
Suppose -4*h - 264 + 35 = -3*x, -5*h = -3*x + 233. Calculate the remainder when x is divided by 4.
3
Suppose r + 10 = d, 0 = -d + 3*r - r + 5. What is the remainder when (2 - (1 - -77))/(-2) is divided by d?
8
Let p(l) = 4*l**2 + 91*l + 30. Let o be -20 - -18 - (1 - -21). What is the remainder when p(o) is divided by 51?
48
Let y = -20 + 24. Suppose 0 = -3*m + y*x + 205, 0 = m - 4*x + 16 - 95. Calculate the remainder when m is divided by (-568)/(-36) + 2/9.
15
Suppose -2*z + w = 2*z - 73, -z - 3*w = -15. Calculate the remainder when 1111 is divided by z.
13
Let d(x) be the first derivative of -9*x**2/2 + 67*x + 70. What is the remainder when d(0) is divided by 14?
11
Let v(u) = -37*u + 75. What is the remainder when v(1) is divided by (-12)/(-18) - (1 - (-49)/(-3))?
6
Let d be (-6 - -6)/((-5 - -3) + 3). Suppose 4*p + 3*m - 32 = -d*m, -3*p = m - 24. Calculate the remainder when 111 is divided by p.
7
Let x be (-17)/(68/(-80))*12. Suppose 0 = -207*f + 215*f - x. What is the remainder when 208 is divided by f?
28
Let t(q) = 2*q**2 + 213*q + 71. What is the remainder when 119 is divided by t(0)?
48
Let r(a) = 652*a - 6456. What is the remainder when 1465 is divided by r(10)?
57
What is the remainder when 194 is divided by ((-1904)/24)/((-2)/3 + 0/(-5))?
75
Let u be (-1 + 7)/(3/2). Suppose 0 = 9*p - u*p - 100. Let q = 1064 - 989. Calculate the remainder when q is divided by p.
15
Let y be 1 + 2 + (-3 - -1). Suppose -10*b = 5*b + 41*b - 11200. What is the remainder when b is divided by (-3)/y*(-68)/4?
47
Let g(s) = -5*s + 90. Let o be g(17). Suppose -o*i = -14*i + 126. What is the remainder when (-1)/4 - 202/(-8) is divided by i?
11
Let j(u) = -2411*u**3 - u**2 + 3*u + 5. Calculate the remainder when j(-1) is divided by 21.
18
Let v = -1195 + 1221. Calculate the remainder when v is divided by 16.
10
Let c(r) = 486*r**2 - 11*r - 1. What is the remainder when c(-1) is divided by 136?
88
Let a be (-8)/(-4) + 4/(-2). Suppose -25 = -2*t - 2*y - y, 4*t - y - 29 = a. What is the remainder when t is divided by 14/5 + (-19)/(-95)?
2
Suppose 0*m + 4*m - 8 = -o, -4*m - 20 = 0. Suppose 2*h + 36 = 2*b, -b = 3*h - 0*b + 62. What is the remainder when o is divided by (-30)/h - 17/(-2)?
8
Suppose 374*d - 2*p = 372*d - 10, 0 = 2*d - 5*p + 31. Calculate the remainder when 75/7 - (-6)/21 is divided by d.
1
Let i = 5393 + -5015. What is the remainder when i is divided by 76?
74
Suppose 30 = -4*y + 9*y. Suppose y*p = -19 + 109. Let k = 9 - 3. What is the remainder when p is divided by k?
3
Let j(o) = 16*o + 64. Let i be j(-4). Suppose -5*v + 136 = 3*r, 9 = -3*r - i*r. What is the remainder when 43 is divided by v?
14
Let v = 856 + -855. What is the remainder when (-1717)/(-51) + v/3 is divided by 21?
13
Suppose 100*u = 74*u + 208. Calculate the remainder when 399 is divided by u.
7
Let o(b) = -6*b**2 + 11*b - 21. Let d be o(7). Let x = -108 - d. What is the remainder when x is divided by 27?
22
Let r(z) = 12*z**2 + 851*z + 57. Calculate the remainder when 1002 is divided by r(-72).
9
Let c(y) = 4*y**2 - 5*y - 3. Let m be c(2). Suppose h = -m*j + 33, 0 = h + 2*j - 32 + 2. Calculate the remainder when h is divided by 14.
10
Let r(d) = 3*d - 44. Let l = 372 - 347. Calculate the remainder when 109 is divided by r(l).
16
Suppose 1807 = 302*d - 3629. Calculate the remainder when (-2 + 0)/((-2)/71) is divided by d.
17
Calculate the remainder when (244/(-16) - -15)*-2084 is divided by 104.
1
Let n = 25 - 26. What is the remainder when 68 is divided by (6/24 + n)/((-1)/48)?
32
Let q = 181 - 109. Suppose -272 = 64*s - q*s. Calculate the remainder when 611 is divided by s.
33
Suppose -260*t - 2512 + 131 = -19281. Calculate the remainder when t is divided by 57.
8
Suppose -59*s = 22*o - 57*s - 1210, -o + 55 = 4*s. What is the remainder when 256 is divided by o?
36
Let v = 96 - -8. Let a = v - 58. Suppose 2*y + 6 = 0, 5*m - 111 = 8*y - 11*y. What is the remainder when a is divided by m?
22
Let x(b) = 5*b**2 + 31*b + 29. Suppose 3*p = -5*o + 79, -2*p + 33 = 3*o - 5*p. Calculate the remainder when x(-11) is divided by o.
13
Suppose -3*g - 2*y + 358 = -54, 3*g - y = 424. Let h = 154 - g. What is the remainder when 67 is divided by h?
11
Let k = -2188 - -2194. Let s be -2 + 0 + (-6)/(-3). Suppose -3*m - k = -0, s = 5*z - 2*m - 39. Calculate the remainder when 11 is divided by z.
4
Suppose 0 = 5*i - 5*v - 60, -39 = -0*i - 4*i + v. Suppose -28 = -22*s + 82 - 0. Calculate the remainder when i is divided by s.
4
Suppose 3*z + 177 = 2*a + 158, -a + 32 = 3*z. What is the remainder when 64 is divided by a?
13
Let i(h) = h**2 + 70*h - 766. What is the remainder when i(-86) is divided by 189?
43
Let v(m) = 3*m**2 + 199*m + 613. What is the remainder when 2/3 + 373/3 is divided by v(-3)?
39
Let o = 45 + -38. Suppose 2*f + o*f - 108 = 0. Calculate the remainder when 15 is divided by f.
3
Suppose -c = -21*c + 6600. Calculate the remainder when 574 is divided by (-17)/((-238)/c) - 6/(-14).
22
Suppose 26*b - 1904 = 46. Suppose -b - 69 = -8*m. Calculate the remainder when 63 is divided by m.
9
Suppose -k = k - r + 4, -3*r - 28 = 4*k. Suppose 0 = 4*u - 2*u - 6. What is the remainder when (k - (1 - 15)) + -4 is divided by u?
0
Let n(f) = -41*f - 71. Let c(p) = 14*p - 72. Let q be c(5). Calculate the remainder when n(q) is divided by 9.
2
Suppose 410*t - 412*t = 1020. What is the remainder when -6 + 1 - t/6 is divided by 12?
8
Let y be (20 - -5)*(10 + -9). Calculate the remainder when 49 is divided by (65/y)/13 - (-49)/5.
9
Suppose 4*n + 1087 = -149. Let s = n + 334. Calculate the remainder when 63 is divided by s.
13
Let t(z) = 2*z + 12. Let k be (-9)/2 - 12/(-24). Let b(m) = 1. Let o(d) = k*b(d) + t(d). What is the remainder when o(9) is divided by 14?
12
Suppose -2*l - 12 = 4*l. Let w be (l - -1)/((-2)/128). Let c = w - 39. Calculate the remainder when 99 is divided by c.
24
Suppose 3*n + n - 124 = 0. Let g(p) be the third derivative of 33*p**4/8 + 17*p**3/6 + 15*p**2. What is the remainder when g(2) is divided by n?
29
Suppose -l - 3*b + 19 = 4*l, 3*l - 12 = -2*b. Suppose 2*a + 402 = l*m, -a - 477 = -2*m - 71. What is the remainder when m is divided by 26?
23
Let b(k) = -k**2 + 2*k**3 + 2*k + k - 2*k - 4*k. Calculate the remainder when b(3) is divided by (2/11 + 290/(-22))/(-1).
10
Suppose -5*a - 34 = -5*g - a, -2*g + 4*a + 16 = 0. Let q(b) = -4*b**2 - 746*b - 8040. What is the remainder when 1/(-2) + 153/g is divided by q(-175)?
5
Let c = -74 + 75. Let t(l) = -l**2 - 1652. Let h be t(0). What is the remainder when h/(-24) - c/(-6) is divided by 36?
33
Let k(m) = -m**3 - 2*m**2 + 14*m + 21. Suppose 3*g + 80 = 8*g. What is the remainder when k(0) is divided by g?
5
Suppose -268*l + 80 = -264*l. Suppose l*m = 15*m + 60. Let k = -113 - -158. What is the remainder when k is divided by m?
9
Suppose 4*g - 2*k = 2*k + 156, 4*g - 3*k - 155 = 0. Suppose 1248 = 480*q - 486*q. Calculate the remainder when g is divided by (q/40)/((-14)/35).
12
Let t = 5287 + -5269. Calculate the remainder when 6874 is divided by t.
16
Let d(m) = m**3 + 13*m**2 + 20*m - 15. Suppose 0 = -39*c + 23*c - 176. What is the remainder when 44 is divided by d(c)?
2
Calculate the remainder when (13 + -1)/((-14)/(-707)) is divided by 87/((-36)/(-4) + -8).
84
Let q = -120 + 193. Let m = -64 + 85. Calculate the remainder when q is divided by m.
10
Let r(i) = -i**3 + i**2 + 3*i + 2. Let g be r(-1). Let v(d) = 215*d**3 - 1. Let x be v(g). Let c = x - 85. What is the remainder when c is divided by 26?
25
Suppose 661*l + 1440 = 691*l. Suppose s - 96 = 2*y, 0*s + 2*s - 5*y - 194 = 0. Calculate the remainder when s is divided by l.
44
Suppose -4*y + 2*j = -46, 57 - 1 = 4*y - 4*j. Let o(n) = -12 - n + 18*n**2 + n**3 - y*n**2 - 11*n. What is the remainder when 8 is divided by o(-10)?
0
Suppose -5*q = -2*c - 63, 2*q - 3*q = 5*c - 18. Suppose 0*n - 2*t = 5*n + q, -2*n + 10 = -3*t. Calculate the remainder when 51 is divided by ((16 - 3)/n)/